7*b**2 - 7*b + 36. Give f(7).
-503
Let b(y) = 37*y**3 - 9*y**2 + 4*y + 8. Give b(2).
276
Let t(s) = -119*s + 227. Give t(2).
-11
Let q(i) = -653*i - 7838. Determine q(-12).
-2
Let h(d) = 2*d**2 - 597*d + 1774. What is h(3)?
1
Let l(x) = 2*x**3 + 45*x**2 - 611*x - 137. Give l(-32).
-41
Let h(x) = 102*x - 325. Determine h(7).
389
Let g(x) = 4*x**2 + 25*x - 3. What is g(-5)?
-28
Let q(i) = i**2 - 197*i - 2471. What is q(-12)?
37
Let k(p) = -14*p**2 + 202*p - 405. Calculate k(2).
-57
Let i(d) = -d**3 - 25*d**2 - 30*d - 135. What is i(-24)?
9
Let o(z) = -24*z - 1621. Determine o(-68).
11
Let t(b) = -376*b + 1110. Determine t(3).
-18
Let g(c) = -303*c - 14550. Calculate g(-48).
-6
Let l(i) = -3*i**3 - 13*i**2 - 19*i - 2. Calculate l(-2).
8
Let i(w) = -w**2 + 5*w - 38. What is i(0)?
-38
Let k(y) = -13*y**2 + 5*y. Give k(1).
-8
Let r(a) = 7*a + 60. Determine r(0).
60
Let k(s) = -6*s + 88. What is k(0)?
88
Let o(j) = j**3 - 31*j**2 - 264*j - 91. Give o(38).
-15
Let b(j) = j**3 + 43*j**2 + 429*j - 215. What is b(-17)?
6
Let q(m) = 12*m**3 + 40*m**2 + 24*m + 33. Calculate q(-3).
-3
Let n(b) = -2*b**3 + 2*b**2 - 43*b + 288. Calculate n(6).
-330
Let b(q) = 29*q - 33. Calculate b(-3).
-120
Let l(m) = 4*m - 405. Determine l(88).
-53
Let j(r) = -7836*r - 7833. What is j(-1)?
3
Let a(f) = 1689*f + 52364. Give a(-31).
5
Let n(d) = d**2 - 173*d - 4797. What is n(198)?
153
Let c(u) = 18*u**2 - 459*u - 235. Calculate c(26).
-1
Let i(v) = 32*v + 453. What is i(-12)?
69
Let d(z) = -44*z + 263. Determine d(6).
-1
Let o(g) = -7*g**3 - 3*g**2 + 29*g - 85. Calculate o(3).
-214
Let g(b) = -b**2 + 167*b + 3381. Calculate g(185).
51
Let j(v) = 9*v**2 - 114*v + 61. What is j(12)?
-11
Let o(c) = c**3 - 10*c**2 - 56*c + 24. Give o(12).
-360
Let p(d) = d**3 - 33*d**2 - 33*d - 37. Determine p(34).
-3
Let m(z) = -z**3 - 51*z**2 + 231*z - 156. Calculate m(-55).
-761
Let v(l) = -4*l**3 + l**2 + 5*l + 35. Determine v(5).
-415
Let k(b) = -2*b**2 - 68*b + 38. Give k(-34).
38
Let x(d) = 6*d**2 - 2*d - 49. Give x(-4).
55
Let t(m) = 4*m**2 - 46*m - 213. What is t(15)?
-3
Let z(d) = 5*d**3 + 2*d**2 - 7*d - 2. What is z(-3)?
-98
Let z(d) = d**3 + 5*d + 13. Calculate z(0).
13
Let w(n) = -n**2 + 12*n + 39. Calculate w(9).
66
Let l(f) = -f**3 - 8*f - 7. Give l(-5).
158
Let h(u) = u**3 + 5*u**2 - 19*u + 20. What is h(-7)?
55
Let o(z) = 4*z**3 - 79*z**2 - 20*z - 2. Give o(20).
-2
Let j(r) = -35*r + 61. What is j(-4)?
201
Let y(a) = -a**3 - 26*a**2 - 56. Calculate y(-26).
-56
Let v(j) = 2*j**3 + 530*j**2 + 2*j + 520. Determine v(-265).
-10
Let b(i) = -i + 170. Calculate b(31).
139
Let x(o) = 1309*o**2 + 9172*o + 39. Determine x(-7).
-24
Let o(g) = 2*g**3 - 34*g**2 - 40*g - 3. Calculate o(-1).
1
Let t(l) = -156*l**2 - 14*l + 1. Calculate t(1).
-169
Let w(z) = -z**3 - 4*z**2 - 2*z + 29. What is w(-3)?
26
Let s(l) = -411*l + 17684. What is s(43)?
11
Let i(c) = -c**2 - 83*c - 235. Calculate i(-80).
5
Let d(b) = 86*b - 2541. What is d(30)?
39
Let u(y) = 31*y**3 - 3*y**2 - 5*y + 2. Determine u(2).
228
Let r(s) = s**3 - 24*s**2 - 62*s + 420. Determine r(26).
160
Let d(g) = 821*g + 393. Give d(-2).
-1249
Let a(v) = -v**2 + 29*v - 134. Give a(5).
-14
Let n(k) = -435*k - 5609. What is n(-13)?
46
Let g(n) = 6*n - 75. Determine g(9).
-21
Let u(d) = -13*d - 25. Give u(-2).
1
Let o(c) = -4646*c - 3. Calculate o(0).
-3
Let r(o) = 1682*o - 3361. What is r(2)?
3
Let l(n) = -2*n**3 - 28*n**2 + 2*n + 32. Determine l(-14).
4
Let y(g) = 8*g + 62. What is y(7)?
118
Let d(k) = k**3 - 10*k**2 - 8*k - 47. What is d(12)?
145
Let t(d) = d**3 + 5*d**2 - 8*d + 4. Calculate t(-6).
16
Let t(w) = 23*w - 408. What is t(7)?
-247
Let r(p) = -3*p**2 + 8*p + 6. Calculate r(-1).
-5
Let k(t) = -3*t**2 + 27*t + 25. Give k(10).
-5
Let z(h) = -6152*h - 24576. What is z(-4)?
32
Let q(s) = 2*s**3 - 4*s**2 + 94*s - 92. Calculate q(1).
0
Let i(j) = 21*j + 1728. Calculate i(-78).
90
Let s(h) = -10*h - 577. Give s(0).
-577
Let g(k) = 11*k**2 - 23*k + 5. Give g(4).
89
Let f(t) = t**3 - 177*t**2 - 16*t + 2836. Give f(177).
4
Let i(s) = 11*s**2 - 35*s + 161. Calculate i(4).
197
Let c(g) = -4*g**2 - 14*g + 25. Give c(-4).
17
Let h(k) = k**3 - 39*k**2 - 48*k + 249. Determine h(40).
-71
Let m(q) = -435*q + 10864. Calculate m(25).
-11
Let j(r) = -9*r**2 - 139*r + 8. Give j(3).
-490
Let q(c) = -3890*c - 35004. Give q(-9).
6
Let p(f) = -167*f + 1200. Determine p(7).
31
Let m(y) = -147*y - 13983. Give m(-95).
-18
Let r(j) = 132*j - 12731. What is r(96)?
-59
Let t(f) = 26*f**2 - 138*f - 1. Determine t(9).
863
Let r(f) = 3*f**2 + 16*f + 10. Give r(-6).
22
Let t(u) = -18*u + 433. Determine t(24).
1
Let r(l) = -101*l - 1358. Determine r(-18).
460
Let h(p) = -20*p**2 + 16*p - 13. Calculate h(1).
-17
Let l(v) = -9*v + 606. Give l(63).
39
Let x(a) = 22*a**2 - 18*a - 102. Give x(-5).
538
Let m(b) = b**3 + 12*b**2 - 88*b + 15. Give m(5).
0
Let l(q) = 47*q + 6639. What is l(-142)?
-35
Let i(g) = -407*g + 11794. Determine i(29).
-9
Let g(c) = 104*c - 728. Give g(7).
0
Let x(g) = 3*g**2 + 127*g + 251. Give x(-40).
-29
Let q(i) = i**2 - 62*i + 688. Give q(37).
-237
Let z(v) = 5*v**3 + 4*v**2 + 361*v - 364. Calculate z(1).
6
Let c(s) = s**2 + 6577*s + 32849. What is c(-5)?
-11
Let d(w) = -6*w**3 + 14*w**2 + 1138*w + 26. What is d(15)?
-4
Let t(v) = v**2 - 1898*v + 11362. Determine t(6).
10
Let j(u) = -75*u**2 - 3*u - 4. Determine j(2).
-310
Let f(p) = -p**3 - 30*p**2 - 128*p - 70. Determine f(-25).
5
Let i(r) = -2*r**2 - 35*r + 929. Give i(15).
-46
Let f(y) = -6*y**2 - 33*y - 175. Determine f(-7).
-238
Let y(g) = -g**3 + 139*g**2 - 540*g + 27. Calculate y(135).
27
Let r(j) = -13*j - 348. Give r(-7).
-257
Let t(b) = -2*b**2 - 113*b + 8. Determine t(0).
8
Let w(u) = -20*u - 301. Give w(-7).
-161
Let z(i) = -i**3 + 4*i**2 + 40*i - 372. Calculate z(8).
-308
Let c(r) = 2*r**2 - 54*r - 221. Give c(30).
-41
Let x(g) = -g**2 - 37*g - 67. Give x(-2).
3
Let h(a) = 120*a - 3314. Determine h(28).
46
Let d(w) = -3*w**2 - 29*w - 21. Calculate d(-9).
-3
Let d(q) = 133*q - 6402. Calculate d(48).
-18
Let q(c) = 218*c - 100. What is q(1)?
118
Let o(m) = m**3 - 3*m**2 + 58*m - 466. What is o(6)?
-10
Let m(x) = -241*x + 283. Calculate m(2).
-199
Let u(w) = 194*w + 25. What is u(0)?
25
Let c(y) = y**3 - 10*y**2 + 55*y - 19. Determine c(0).
-19
Let y(o) = o**3 - 9*o**2 + 16*o - 16. What is y(6)?
-28
Let f(v) = v**3 - 6*v**2 + 8*v - 48. Determine f(6).
0
Let y(p) = -5*p**3 - 22*p**2 - 9*p + 18. Calculate y(-4).
22
Let y(m) = m**3 + 43*m**2 + 218*m - 81. What is y(-37)?
67
Let f(p) = -3*p**2 - 21*p + 49. Determine f(-8).
25
Let z(p) = 9*p**3 + 5*p**2 + 2*p - 7. What is z(1)?
9
Let k(n) = 343*n - 27781. Give k(81).
2
Let n(m) = -m**3 + 83*m**2 + 182*m - 1039. Determine n(85).
-19
Let t(s) = -54*s - 1018. Determine t(-19).
8
Let c(j) = -10*j**2 - 6*j - 1. Determine c(0).
-1
Let i(a) = -36*a + 6. Determine i(-3).
114
Let q(g) = -g**3 - 7*g**2 + 16*g + 107. Determine q(-9).
125
Let c(r) = -19*r - 84. Give c(-6).
30
Let y(p) = p**2 - 31*p + 208. Give y(21).
-2
Let k(w) = -427*w + 4694. Determine k(11).
-3
Let k(w) = 42*w**2 - 252*w - 5. What is k(6)?
-5
Let a(m) = -10*m**2 + 78*m + 40. Give a(9).
-68
Let o(c) = 772*c - 1540. Give o(2).
4
Let r(z) = z**2 + 238*z - 7443. Give r(28).
5
Let b(q) = -q**2 + 44*q + 1364. Give b(65).
-1
Let u(r) = 3*r**2 + 666*r + 19640. Give u(-187).
5
Let w(v) = -v**2 - 45*v - 382. Calculate w(-12).
14
Let i(h) = -140*h - 10960. Calculate i(-79).
100
Let p(y) = -3*y**2 + 124*y - 1249. Give p(23).
16
Let k(h) = -7*h + 289. What is k(25)?
114
Let r(d) = -8065*d + 7. What is r(0)?
7
Let c(f) = 8*f**2 + 11*f + 35. What is c(-4)?
119
Let h(j) = -117*j + 865. Determine h(6).
163
Let i(o) = -88*o - 1155. Determine i(-11).
-187
Let w(r) = -r**3 + 33*r**2 + 116*r + 63. Calculate w(36).
351
Let w(p) = -8*p**3 + 35*p**2 + 35*p - 17. Calculate w(5).
33
Let w(i) = -4*i**2 - 133*i - 702. Give w(-27).
-27
Let i(p) = 906*p + 1940. Calculate i(-2).
128
Let p(f) = -f**2 - 60*f - 421. Calculate p(-52).
-5
Let n(l) = 108*l**2 - 115*l + 16. Calculate n(1).
9
Let c(l) = -48*l - 53. Give c(17).
-869
Let a(b) = -231*b**2 - 1388*b - 23. Give a(-6).
-11
Let x(m) = m**2 - 15*m - 428. Calculate x(29).
-22
Let g(a) = 57*a**2 - 8*a + 8. Calculate g(1).
57
Let n(p) = 8*p**3 + 40*p**2 - 6*p -